{"id":10517,"date":"2025-08-14T16:56:47","date_gmt":"2025-08-14T14:56:47","guid":{"rendered":"https:\/\/ugselpdl.fr\/?page_id=10517"},"modified":"2026-03-06T11:01:25","modified_gmt":"2026-03-06T10:01:25","slug":"rugby-25-26","status":"publish","type":"page","link":"https:\/\/ugselpdl.fr\/?page_id=10517","title":{"rendered":"Rugby 25\/26"},"content":{"rendered":"<div id=\"pl-10517\"  class=\"panel-layout\" ><div id=\"pg-10517-0\"  class=\"panel-grid panel-no-style\" ><div id=\"pgc-10517-0-0\"  class=\"panel-grid-cell\" ><div id=\"panel-10517-0-0-0\" class=\"so-panel widget widget_media_image panel-first-child panel-last-child\" data-index=\"0\" ><img width=\"300\" height=\"76\" src=\"https:\/\/ugselpdl.fr\/wp-content\/uploads\/2021\/05\/Rugby-300x76.png\" class=\"image wp-image-1030  attachment-medium size-medium\" alt=\"\" loading=\"lazy\" style=\"max-width: 100%; height: auto;\" srcset=\"https:\/\/ugselpdl.fr\/wp-content\/uploads\/2021\/05\/Rugby-300x76.png 300w, https:\/\/ugselpdl.fr\/wp-content\/uploads\/2021\/05\/Rugby-1024x260.png 1024w, https:\/\/ugselpdl.fr\/wp-content\/uploads\/2021\/05\/Rugby-768x195.png 768w, https:\/\/ugselpdl.fr\/wp-content\/uploads\/2021\/05\/Rugby-150x38.png 150w, https:\/\/ugselpdl.fr\/wp-content\/uploads\/2021\/05\/Rugby.png 1180w\" sizes=\"(max-width: 300px) 100vw, 300px\" \/><\/div><\/div><\/div><div id=\"pg-10517-1\"  class=\"panel-grid panel-no-style\" ><div id=\"pgc-10517-1-0\"  class=\"panel-grid-cell\" ><div id=\"panel-10517-1-0-0\" class=\"so-panel widget widget_text panel-first-child panel-last-child\" data-index=\"1\" ><h3 class=\"widget-title\">Calendriers et r\u00e9sultats Rugby 25\/26<\/h3>\t\t\t<div class=\"textwidget\"><p><a href=\"http:\/\/ugselpdl.fr\/wp-content\/uploads\/2026\/03\/Sports-co-Rugby-2526-Resultats.pdf\" target=\"_blank\" rel=\"noopener\">R\u00e9sultats Rugby 25\/26 et suite des matchs<\/a><\/p>\n<p>&nbsp;<\/p>\n<p><a href=\"http:\/\/ugselpdl.fr\/wp-content\/uploads\/2025\/10\/Sports-co-Rugby-2526-Calendrier.pdf\" target=\"_blank\" rel=\"noopener\">Calendrier Rugby 25\/26<\/a><\/p>\n<p>&nbsp;<\/p>\n<\/div>\n\t\t<\/div><\/div><\/div><div id=\"pg-10517-2\"  class=\"panel-grid panel-no-style\" ><div id=\"pgc-10517-2-0\"  class=\"panel-grid-cell\" ><div id=\"panel-10517-2-0-0\" class=\"so-panel widget widget_text panel-first-child panel-last-child\" data-index=\"2\" ><h3 class=\"widget-title\">Tournoi de Rugby \u00e0 7 toutes cat\u00e9gories le 1er octobre 2025 \u00e0 Montaigu de 13h00 \u00e0 16h30 + Formation JO<\/h3>\t\t\t<div class=\"textwidget\"><p><a href=\"http:\/\/ugselpdl.fr\/wp-content\/uploads\/2025\/09\/Rugby-a-7-Formation-JO-et-tournoi-a-Montaigu-01-oct-25.pdf\" target=\"_blank\" rel=\"noopener\">Circulaire et inscriptions<\/a><\/p>\n<p><a href=\"http:\/\/ugselpdl.fr\/wp-content\/uploads\/2025\/10\/Rugby-a-7-a-Montaigu-011025-resultats.pdf\" target=\"_blank\" rel=\"noopener\">R\u00e9sultats du tournoi de rugby \u00e0 7 MG et CG<\/a><\/p>\n<\/div>\n\t\t<\/div><\/div><div id=\"pgc-10517-2-1\"  class=\"panel-grid-cell\" ><div id=\"panel-10517-2-1-0\" class=\"so-panel widget widget_media_image panel-first-child panel-last-child\" data-index=\"3\" ><h3 class=\"widget-title\">Tournoi de Rugby du 1er octobre 2025 \u00e0 Montaigu<\/h3><img width=\"300\" height=\"225\" src=\"https:\/\/ugselpdl.fr\/wp-content\/uploads\/2025\/10\/IMG_20251001_161629_resized_20251002_083619187-300x225.jpg\" class=\"image wp-image-10785  attachment-medium size-medium\" alt=\"\" loading=\"lazy\" style=\"max-width: 100%; height: auto;\" title=\"Tournoi de Rugby du 1er octobre 2025 \u00e0 Montaigu\" srcset=\"https:\/\/ugselpdl.fr\/wp-content\/uploads\/2025\/10\/IMG_20251001_161629_resized_20251002_083619187-300x225.jpg 300w, https:\/\/ugselpdl.fr\/wp-content\/uploads\/2025\/10\/IMG_20251001_161629_resized_20251002_083619187-1024x768.jpg 1024w, https:\/\/ugselpdl.fr\/wp-content\/uploads\/2025\/10\/IMG_20251001_161629_resized_20251002_083619187-768x576.jpg 768w, https:\/\/ugselpdl.fr\/wp-content\/uploads\/2025\/10\/IMG_20251001_161629_resized_20251002_083619187-1536x1152.jpg 1536w, https:\/\/ugselpdl.fr\/wp-content\/uploads\/2025\/10\/IMG_20251001_161629_resized_20251002_083619187-2048x1536.jpg 2048w, https:\/\/ugselpdl.fr\/wp-content\/uploads\/2025\/10\/IMG_20251001_161629_resized_20251002_083619187-150x113.jpg 150w\" sizes=\"(max-width: 300px) 100vw, 300px\" \/><\/div><\/div><\/div><div id=\"pg-10517-3\"  class=\"panel-grid panel-no-style\" ><div id=\"pgc-10517-3-0\"  class=\"panel-grid-cell\" ><div id=\"panel-10517-3-0-0\" class=\"so-panel widget widget_text panel-first-child panel-last-child\" data-index=\"4\" ><div class=\"panel-widget-style panel-widget-style-for-10517-3-0-0\" ><h3 class=\"widget-title\">Tournoi de Rugby \u00e0 7 f\u00e9minin le 8 octobre 2025 au Loquidy Nantes de 12h30 \u00e0 17h<\/h3>\t\t\t<div class=\"textwidget\"><p><strong>ANNUL\u00c9<\/strong><\/p>\n<p>&nbsp;<\/p>\n<p>&nbsp;<\/p>\n<\/div>\n\t\t<\/div><\/div><\/div><\/div><div id=\"pg-10517-4\"  class=\"panel-grid panel-no-style\" ><div id=\"pgc-10517-4-0\"  class=\"panel-grid-cell\" ><div id=\"panel-10517-4-0-0\" class=\"so-panel widget widget_text panel-first-child panel-last-child\" data-index=\"5\" ><div class=\"panel-widget-style panel-widget-style-for-10517-4-0-0\" ><h3 class=\"widget-title\">DOCUMENTS UTILES :<\/h3>\t\t\t<div class=\"textwidget\"><p><a href=\"http:\/\/ugselpdl.fr\/wp-content\/uploads\/2021\/03\/Feuille-de-match-Rugby.pdf\" target=\"_blank\" rel=\"noreferrer noopener\" data-rich-text-format-boundary=\"true\">Feuille de match simple<\/a><\/p>\n<p><a href=\"http:\/\/ugselpdl.fr\/wp-content\/uploads\/2021\/03\/Feuille-de-match-Triangulaire-Rugby.pdf\" target=\"_blank\" rel=\"noreferrer noopener\" data-rich-text-format-boundary=\"true\">Feuille de match pour triangulaire<\/a><\/p>\n<p>Feuille de match 4 \u00e9quipes <a href=\"http:\/\/ugselpdl.fr\/wp-content\/uploads\/2021\/03\/Rugby-FM-4-equipes.pdf\" target=\"_blank\" rel=\"noreferrer noopener\"><span class=\"has-inline-color has-vivid-red-color\">en pdf<\/span><\/a> &#8211; <a href=\"http:\/\/ugselpdl.fr\/wp-content\/uploads\/2021\/03\/Rugby-FM-4-equipes.xls\" target=\"_blank\" rel=\"noreferrer noopener\"><span class=\"has-inline-color has-vivid-green-cyan-color\">sous excel<\/span><\/a><\/p>\n<p><a href=\"https:\/\/ugsel-competition.org\/ressources\/sports-collectifs\/rugby-a-7\/\" target=\"_blank\" rel=\"noopener\">R\u00e8glements nationaux de Rugby \u00e0 7<\/a><\/p>\n<\/div>\n\t\t<\/div><\/div><\/div><\/div><\/div>","protected":false},"excerpt":{"rendered":"<p>R\u00e9sultats Rugby 25\/26 et suite des matchs &nbsp; Calendrier Rugby 25\/26 &nbsp;<\/p>\n<p class=\"continue-reading-button\"> <a class=\"continue-reading-link\" href=\"https:\/\/ugselpdl.fr\/?page_id=10517\">Continue reading<i class=\"crycon-right-dir\"><\/i><\/a><\/p>\n","protected":false},"author":1,"featured_media":0,"parent":0,"menu_order":0,"comment_status":"closed","ping_status":"closed","template":"","meta":[],"_links":{"self":[{"href":"https:\/\/ugselpdl.fr\/index.php?rest_route=\/wp\/v2\/pages\/10517"}],"collection":[{"href":"https:\/\/ugselpdl.fr\/index.php?rest_route=\/wp\/v2\/pages"}],"about":[{"href":"https:\/\/ugselpdl.fr\/index.php?rest_route=\/wp\/v2\/types\/page"}],"author":[{"embeddable":true,"href":"https:\/\/ugselpdl.fr\/index.php?rest_route=\/wp\/v2\/users\/1"}],"replies":[{"embeddable":true,"href":"https:\/\/ugselpdl.fr\/index.php?rest_route=%2Fwp%2Fv2%2Fcomments&post=10517"}],"version-history":[{"count":42,"href":"https:\/\/ugselpdl.fr\/index.php?rest_route=\/wp\/v2\/pages\/10517\/revisions"}],"predecessor-version":[{"id":11973,"href":"https:\/\/ugselpdl.fr\/index.php?rest_route=\/wp\/v2\/pages\/10517\/revisions\/11973"}],"wp:attachment":[{"href":"https:\/\/ugselpdl.fr\/index.php?rest_route=%2Fwp%2Fv2%2Fmedia&parent=10517"}],"curies":[{"name":"wp","href":"https:\/\/api.w.org\/{rel}","templated":true}]}}