{"id":10548,"date":"2025-08-18T15:38:45","date_gmt":"2025-08-18T13:38:45","guid":{"rendered":"https:\/\/ugselpdl.fr\/?page_id=10548"},"modified":"2025-11-12T15:26:31","modified_gmt":"2025-11-12T14:26:31","slug":"surf-25-26","status":"publish","type":"page","link":"https:\/\/ugselpdl.fr\/?page_id=10548","title":{"rendered":"Surf 25\/26"},"content":{"rendered":"<div id=\"pl-10548\"  class=\"panel-layout\" ><div id=\"pg-10548-0\"  class=\"panel-grid panel-no-style\" ><div id=\"pgc-10548-0-0\"  class=\"panel-grid-cell\" ><div id=\"panel-10548-0-0-0\" class=\"so-panel widget widget_media_image panel-first-child panel-last-child\" data-index=\"0\" ><img width=\"300\" height=\"76\" src=\"https:\/\/ugselpdl.fr\/wp-content\/uploads\/2021\/05\/Surf-300x76.png\" class=\"image wp-image-1127  attachment-medium size-medium\" alt=\"\" loading=\"lazy\" style=\"max-width: 100%; height: auto;\" srcset=\"https:\/\/ugselpdl.fr\/wp-content\/uploads\/2021\/05\/Surf-300x76.png 300w, https:\/\/ugselpdl.fr\/wp-content\/uploads\/2021\/05\/Surf-1024x259.png 1024w, https:\/\/ugselpdl.fr\/wp-content\/uploads\/2021\/05\/Surf-768x195.png 768w, https:\/\/ugselpdl.fr\/wp-content\/uploads\/2021\/05\/Surf-150x38.png 150w, https:\/\/ugselpdl.fr\/wp-content\/uploads\/2021\/05\/Surf.png 1180w\" sizes=\"(max-width: 300px) 100vw, 300px\" \/><\/div><\/div><\/div><div id=\"pg-10548-1\"  class=\"panel-grid panel-no-style\" ><div id=\"pgc-10548-1-0\"  class=\"panel-grid-cell\" ><div id=\"panel-10548-1-0-0\" class=\"so-panel widget widget_text panel-first-child panel-last-child\" data-index=\"1\" ><h3 class=\"widget-title\">Championnat r\u00e9gional de Surf le mercredi 8 octobre 2025 \u00e0 La Tranche\/Mer (85)<\/h3>\t\t\t<div class=\"textwidget\"><p><a href=\"http:\/\/ugselpdl.fr\/wp-content\/uploads\/2025\/09\/Pleine-Nature-Surf-081025-Organisation.pdf\" target=\"_blank\" rel=\"noopener\">Circulaire d&rsquo;organisation<\/a><\/p>\n<p><a href=\"http:\/\/ugselpdl.fr\/wp-content\/uploads\/2025\/09\/Pleine-Nature-Surf-081025-Plans.pdf\" target=\"_blank\" rel=\"noopener\">Plans du site<\/a><\/p>\n<p><a href=\"http:\/\/ugselpdl.fr\/wp-content\/uploads\/2025\/10\/Tableaux-Compe\u0301tition-Re\u0301gional-SURF-2025_2026.xlsx-INDIVIDUEL.pdf\" target=\"_blank\" rel=\"noopener\">R\u00e9sultats individuels<\/a><\/p>\n<p><a href=\"http:\/\/ugselpdl.fr\/wp-content\/uploads\/2025\/10\/Tableaux-Compe\u0301tition-Re\u0301gional-SURF-2025_2026.xlsx-CLMT-EQUIPE-2.pdf\" target=\"_blank\" rel=\"noopener\">R\u00e9sultats Equipes avec les qualifi\u00e9s au National<\/a><\/p>\n<p>D\u00e9tail des r\u00e9sultats Benjamins : <a href=\"http:\/\/ugselpdl.fr\/wp-content\/uploads\/2025\/10\/Tableaux-Compe\u0301tition-Re\u0301gional-SURF-2025_2026.xlsx-Podium-1.pdf\" target=\"_blank\" rel=\"noopener\">matin<\/a> &#8211; <a href=\"http:\/\/ugselpdl.fr\/wp-content\/uploads\/2025\/10\/Tableaux-Compe\u0301tition-Re\u0301gional-SURF-2025_2026.xlsx-Podium-1-2.pdf\" target=\"_blank\" rel=\"noopener\">apr\u00e8s-midi<\/a><\/p>\n<p>D\u00e9tail des r\u00e9sultats Minimes : <a href=\"http:\/\/ugselpdl.fr\/wp-content\/uploads\/2025\/10\/Tableaux-Compe\u0301tition-Re\u0301gional-SURF-2025_2026.xlsx-Podium-2.pdf\" target=\"_blank\" rel=\"noopener\">matin<\/a> &#8211; <a href=\"http:\/\/ugselpdl.fr\/wp-content\/uploads\/2025\/10\/Tableaux-Compe\u0301tition-Re\u0301gional-SURF-2025_2026.xlsx-Podium-2-2.pdf\" target=\"_blank\" rel=\"noopener\">apr\u00e8s-midi<\/a><\/p>\n<p>D\u00e9tail des r\u00e9sultats Lyc\u00e9es : <a href=\"http:\/\/ugselpdl.fr\/wp-content\/uploads\/2025\/10\/Tableaux-Compe\u0301tition-Re\u0301gional-SURF-2025_2026.xlsx-Podium-3-3.pdf\" target=\"_blank\" rel=\"noopener\">matin<\/a> &#8211; <a href=\"http:\/\/ugselpdl.fr\/wp-content\/uploads\/2025\/10\/Tableaux-Compe\u0301tition-Re\u0301gional-SURF-2025_2026.xlsx-Podium-3.pdf\" target=\"_blank\" rel=\"noopener\">apr\u00e8s-midi<\/a><\/p>\n<\/div>\n\t\t<\/div><\/div><\/div><div id=\"pg-10548-2\"  class=\"panel-grid panel-no-style\" ><div id=\"pgc-10548-2-0\"  class=\"panel-grid-cell\" ><div id=\"panel-10548-2-0-0\" class=\"so-panel widget widget_text panel-first-child panel-last-child\" data-index=\"2\" ><h3 class=\"widget-title\">Documents utiles<\/h3>\t\t\t<div class=\"textwidget\"><p><a href=\"https:\/\/ugsel-competition.org\/ressources\/sports-individuels\/surf\/\" target=\"_blank\" rel=\"noopener\">R\u00e8glements nationaux<\/a><\/p>\n<\/div>\n\t\t<\/div><\/div><\/div><\/div>","protected":false},"excerpt":{"rendered":"<p>Circulaire d&rsquo;organisation Plans du site R\u00e9sultats individuels R\u00e9sultats Equipes avec les qualifi\u00e9s au National D\u00e9tail des r\u00e9sultats Benjamins : matin &#8211; apr\u00e8s-midi D\u00e9tail des r\u00e9sultats Minimes : matin &#8211; apr\u00e8s-midi D\u00e9tail des r\u00e9sultats Lyc\u00e9es : matin &#8211; apr\u00e8s-midi<\/p>\n<p class=\"continue-reading-button\"> <a class=\"continue-reading-link\" href=\"https:\/\/ugselpdl.fr\/?page_id=10548\">Continue reading<i class=\"crycon-right-dir\"><\/i><\/a><\/p>\n","protected":false},"author":1,"featured_media":0,"parent":0,"menu_order":0,"comment_status":"closed","ping_status":"closed","template":"","meta":[],"_links":{"self":[{"href":"https:\/\/ugselpdl.fr\/index.php?rest_route=\/wp\/v2\/pages\/10548"}],"collection":[{"href":"https:\/\/ugselpdl.fr\/index.php?rest_route=\/wp\/v2\/pages"}],"about":[{"href":"https:\/\/ugselpdl.fr\/index.php?rest_route=\/wp\/v2\/types\/page"}],"author":[{"embeddable":true,"href":"https:\/\/ugselpdl.fr\/index.php?rest_route=\/wp\/v2\/users\/1"}],"replies":[{"embeddable":true,"href":"https:\/\/ugselpdl.fr\/index.php?rest_route=%2Fwp%2Fv2%2Fcomments&post=10548"}],"version-history":[{"count":12,"href":"https:\/\/ugselpdl.fr\/index.php?rest_route=\/wp\/v2\/pages\/10548\/revisions"}],"predecessor-version":[{"id":11119,"href":"https:\/\/ugselpdl.fr\/index.php?rest_route=\/wp\/v2\/pages\/10548\/revisions\/11119"}],"wp:attachment":[{"href":"https:\/\/ugselpdl.fr\/index.php?rest_route=%2Fwp%2Fv2%2Fmedia&parent=10548"}],"curies":[{"name":"wp","href":"https:\/\/api.w.org\/{rel}","templated":true}]}}