{"id":10556,"date":"2025-08-18T15:48:33","date_gmt":"2025-08-18T13:48:33","guid":{"rendered":"https:\/\/ugselpdl.fr\/?page_id=10556"},"modified":"2026-03-20T10:02:37","modified_gmt":"2026-03-20T09:02:37","slug":"vtt-25-26","status":"publish","type":"page","link":"https:\/\/ugselpdl.fr\/?page_id=10556","title":{"rendered":"VTT 25\/26"},"content":{"rendered":"<div id=\"pl-10556\"  class=\"panel-layout\" ><div id=\"pg-10556-0\"  class=\"panel-grid panel-no-style\" ><div id=\"pgc-10556-0-0\"  class=\"panel-grid-cell\" ><div id=\"panel-10556-0-0-0\" class=\"so-panel widget widget_media_image panel-first-child panel-last-child\" data-index=\"0\" ><img width=\"300\" height=\"93\" src=\"https:\/\/ugselpdl.fr\/wp-content\/uploads\/2021\/08\/VTT-300x93.jpg\" class=\"image wp-image-1540  attachment-medium size-medium\" alt=\"\" loading=\"lazy\" style=\"max-width: 100%; height: auto;\" srcset=\"https:\/\/ugselpdl.fr\/wp-content\/uploads\/2021\/08\/VTT-300x93.jpg 300w, https:\/\/ugselpdl.fr\/wp-content\/uploads\/2021\/08\/VTT-150x47.jpg 150w, https:\/\/ugselpdl.fr\/wp-content\/uploads\/2021\/08\/VTT.jpg 402w\" sizes=\"(max-width: 300px) 100vw, 300px\" \/><\/div><\/div><\/div><div id=\"pg-10556-1\"  class=\"panel-grid panel-no-style\" ><div id=\"pgc-10556-1-0\"  class=\"panel-grid-cell\" ><div id=\"panel-10556-1-0-0\" class=\"so-panel widget widget_text panel-first-child panel-last-child\" data-index=\"1\" ><h3 class=\"widget-title\">Championnat r\u00e9gional de VTT le mercredi 18 mars 2026 \u00e0 Verri\u00e8res en Anjou (49)<\/h3>\t\t\t<div class=\"textwidget\"><p><a href=\"http:\/\/ugselpdl.fr\/wp-content\/uploads\/2026\/03\/VTT-180326-St-Sylvain-dAnjou-resultats-et-Q-au-National.pdf\" target=\"_blank\" rel=\"noopener\">R\u00e9sultats et qualifi\u00e9s au National<\/a><\/p>\n<p><a href=\"http:\/\/ugselpdl.fr\/wp-content\/uploads\/2026\/02\/VTT-180326-St-Sylvain-dAnjou.pdf\" target=\"_blank\" rel=\"noopener\">Circulaire d&rsquo;organisation<\/a><\/p>\n<\/div>\n\t\t<\/div><\/div><div id=\"pgc-10556-1-1\"  class=\"panel-grid-cell\" ><div id=\"panel-10556-1-1-0\" class=\"so-panel widget widget_media_video panel-first-child\" data-index=\"2\" ><h3 class=\"widget-title\">VTT du 18 mars 2026 au lyc\u00e9e St Aubin la Salle \u00e0 St Sylvain d&rsquo;Anjou<\/h3><div style=\"width:100%;\" class=\"wp-video\"><!--[if lt IE 9]><script>document.createElement('video');<\/script><![endif]-->\n<video class=\"wp-video-shortcode\" id=\"video-10556-1\" preload=\"metadata\" controls=\"controls\"><source type=\"video\/mp4\" src=\"https:\/\/ugselpdl.fr\/wp-content\/uploads\/2026\/03\/VTT-180326-SALS.mp4?_=1\" \/><source type=\"video\/mp4\" src=\"http:\/\/ugselpdl.fr\/wp-content\/uploads\/2026\/03\/VTT-180326-SALS.mp4?_=1\" \/><a href=\"https:\/\/ugselpdl.fr\/wp-content\/uploads\/2026\/03\/VTT-180326-SALS.mp4\">https:\/\/ugselpdl.fr\/wp-content\/uploads\/2026\/03\/VTT-180326-SALS.mp4<\/a><\/video><\/div><\/div><div id=\"panel-10556-1-1-1\" class=\"so-panel widget widget_media_video panel-last-child\" data-index=\"3\" ><h3 class=\"widget-title\">VTT du 18 mars 2026 au lyc\u00e9e St Aubin la Salle \u00e0 St Sylvain d&rsquo;Anjou<\/h3><div style=\"width:100%;\" class=\"wp-video\"><video class=\"wp-video-shortcode\" id=\"video-10556-2\" preload=\"metadata\" controls=\"controls\"><source type=\"video\/mp4\" src=\"https:\/\/ugselpdl.fr\/wp-content\/uploads\/2026\/03\/VTT-18-mars-2026-a-St-Sylvain-dAnjou.mp4?_=2\" \/><source type=\"video\/mp4\" src=\"http:\/\/ugselpdl.fr\/wp-content\/uploads\/2026\/03\/VTT-18-mars-2026-a-St-Sylvain-dAnjou.mp4?_=2\" \/><a href=\"https:\/\/ugselpdl.fr\/wp-content\/uploads\/2026\/03\/VTT-18-mars-2026-a-St-Sylvain-dAnjou.mp4\">https:\/\/ugselpdl.fr\/wp-content\/uploads\/2026\/03\/VTT-18-mars-2026-a-St-Sylvain-dAnjou.mp4<\/a><\/video><\/div><\/div><\/div><\/div><div id=\"pg-10556-2\"  class=\"panel-grid panel-no-style\" ><div id=\"pgc-10556-2-0\"  class=\"panel-grid-cell\" ><div id=\"panel-10556-2-0-0\" class=\"so-panel widget widget_text panel-first-child panel-last-child\" data-index=\"4\" ><h3 class=\"widget-title\">DOCUMENTS UTILES :<\/h3>\t\t\t<div class=\"textwidget\"><p><a href=\"https:\/\/ugsel-competition.org\/ressources\/sports-individuels\/vtt\/\" target=\"_blank\" rel=\"noopener\">R\u00e8glements nationaux de VTT<\/a><\/p>\n<\/div>\n\t\t<\/div><\/div><\/div><\/div>","protected":false},"excerpt":{"rendered":"<p>R\u00e9sultats et qualifi\u00e9s au National Circulaire d&rsquo;organisation<\/p>\n<p class=\"continue-reading-button\"> <a class=\"continue-reading-link\" href=\"https:\/\/ugselpdl.fr\/?page_id=10556\">Continue reading<i class=\"crycon-right-dir\"><\/i><\/a><\/p>\n","protected":false},"author":1,"featured_media":0,"parent":0,"menu_order":0,"comment_status":"closed","ping_status":"closed","template":"","meta":[],"_links":{"self":[{"href":"https:\/\/ugselpdl.fr\/index.php?rest_route=\/wp\/v2\/pages\/10556"}],"collection":[{"href":"https:\/\/ugselpdl.fr\/index.php?rest_route=\/wp\/v2\/pages"}],"about":[{"href":"https:\/\/ugselpdl.fr\/index.php?rest_route=\/wp\/v2\/types\/page"}],"author":[{"embeddable":true,"href":"https:\/\/ugselpdl.fr\/index.php?rest_route=\/wp\/v2\/users\/1"}],"replies":[{"embeddable":true,"href":"https:\/\/ugselpdl.fr\/index.php?rest_route=%2Fwp%2Fv2%2Fcomments&post=10556"}],"version-history":[{"count":12,"href":"https:\/\/ugselpdl.fr\/index.php?rest_route=\/wp\/v2\/pages\/10556\/revisions"}],"predecessor-version":[{"id":12066,"href":"https:\/\/ugselpdl.fr\/index.php?rest_route=\/wp\/v2\/pages\/10556\/revisions\/12066"}],"wp:attachment":[{"href":"https:\/\/ugselpdl.fr\/index.php?rest_route=%2Fwp%2Fv2%2Fmedia&parent=10556"}],"curies":[{"name":"wp","href":"https:\/\/api.w.org\/{rel}","templated":true}]}}