{"id":2247,"date":"2021-12-10T11:25:15","date_gmt":"2021-12-10T10:25:15","guid":{"rendered":"https:\/\/ugselpdl.fr\/?page_id=2247"},"modified":"2026-08-25T15:11:27","modified_gmt":"2026-08-25T13:11:27","slug":"formations-mises-en-places-en-pays-de-la-loire-ouvertes-aux-enseignants-et-personnels-ogec-du-1er-et-2nd-degre-formations-financees-par-formiris-national","status":"publish","type":"page","link":"https:\/\/ugselpdl.fr\/?page_id=2247","title":{"rendered":"Formations mises en places en Pays de la Loire 2026\/2027."},"content":{"rendered":"\n<div class=\"wp-block-columns\">\n<div class=\"wp-block-column\" style=\"flex-basis:100%\">\n<p><\/p>\n<\/div>\n<\/div>\n\n\n\n<div class=\"wp-block-columns\">\n<div class=\"wp-block-column\" style=\"flex-basis:100%\">\n<h2><strong>Formations<\/strong> pr\u00e9vention.<\/h2>\n<\/div>\n<\/div>\n\n\n\n<figure class=\"wp-block-table aligncenter is-style-regular\"><table><tbody><tr><td><a rel=\"noreferrer noopener\" href=\"https:\/\/catalogue-ugselformations.dendreo.com\/module\/jf2A5nkd4vj22rbpnvv24tbvkj1wk9tdkb1t5pj5hj2w356w48dtgt5lkz1xm66xkv2hcAjsgfkx4pj8\/pffg5zd4kvAd3stwgfqv275g3jzdgvztjn3t5pj5hjjwmyjAjfxx4zjlh2y2g5lsg36tgrjxgnkw4pj8\" target=\"_blank\">Formation : Formateur Pr\u00e9vention et Secours Civiques \u2013 PSC<\/a><br><img loading=\"lazy\" width=\"269\" height=\"188\" class=\"wp-image-11467\" style=\"width: 150px;\" src=\"http:\/\/ugselpdl.fr\/wp-content\/uploads\/2025\/12\/secourisme.png\" alt=\"\" srcset=\"https:\/\/ugselpdl.fr\/wp-content\/uploads\/2025\/12\/secourisme.png 269w, https:\/\/ugselpdl.fr\/wp-content\/uploads\/2025\/12\/secourisme-150x105.png 150w\" sizes=\"(max-width: 269px) 100vw, 269px\" \/><\/td><td><strong>Dates<\/strong> : fin juin-d\u00e9but juillet 2027<br><strong>Dur\u00e9e<\/strong> : 60 heures<br><strong>Nouvelles modalit\u00e9s p\u00e9dagogiques :<\/strong><br>-Distanciel synchrone : 3 visioconf\u00e9rences de 2h30<br>-Distanciel asynchrone : 0h30<br>-Pr\u00e9sentiel : 7 jours<br><strong>Lieu<\/strong> <strong>pr\u00e9sentiel:<\/strong> St Jean de Monts ou Loroux Bottereau (\u00e0 confirmer)<br><\/td><td>Accessibles aux enseignants et personnels Ogec&nbsp;disposant d\u2019un Psc de moins de 3 ans<br><br><strong><br><strong>Inscriptions ouvertes via Dendreo:<\/strong><br>https:\/\/catalogue-ugselformations.dendreo.com\/formation\/525\/formation-initiale-de-formateur-aux-premiers-secours-citoyen-psc<\/strong><\/td><\/tr><\/tbody><\/table><\/figure>\n\n\n\n<p><\/p>\n","protected":false},"excerpt":{"rendered":"<p>Formations pr\u00e9vention. Formation : Formateur Pr\u00e9vention et Secours Civiques \u2013 PSC Dates : fin juin-d\u00e9but juillet 2027Dur\u00e9e : 60 heuresNouvelles modalit\u00e9s p\u00e9dagogiques :-Distanciel synchrone : 3 visioconf\u00e9rences de 2h30-Distanciel asynchrone : 0h30-Pr\u00e9sentiel : 7 joursLieu pr\u00e9sentiel: St Jean de Monts ou Loroux Bottereau (\u00e0 confirmer) Accessibles aux enseignants et personnels&#8230;<\/p>\n<p class=\"continue-reading-button\"> <a class=\"continue-reading-link\" href=\"https:\/\/ugselpdl.fr\/?page_id=2247\">Continue reading<i class=\"crycon-right-dir\"><\/i><\/a><\/p>\n","protected":false},"author":2,"featured_media":0,"parent":0,"menu_order":0,"comment_status":"closed","ping_status":"closed","template":"","meta":[],"_links":{"self":[{"href":"https:\/\/ugselpdl.fr\/index.php?rest_route=\/wp\/v2\/pages\/2247"}],"collection":[{"href":"https:\/\/ugselpdl.fr\/index.php?rest_route=\/wp\/v2\/pages"}],"about":[{"href":"https:\/\/ugselpdl.fr\/index.php?rest_route=\/wp\/v2\/types\/page"}],"author":[{"embeddable":true,"href":"https:\/\/ugselpdl.fr\/index.php?rest_route=\/wp\/v2\/users\/2"}],"replies":[{"embeddable":true,"href":"https:\/\/ugselpdl.fr\/index.php?rest_route=%2Fwp%2Fv2%2Fcomments&post=2247"}],"version-history":[{"count":94,"href":"https:\/\/ugselpdl.fr\/index.php?rest_route=\/wp\/v2\/pages\/2247\/revisions"}],"predecessor-version":[{"id":12804,"href":"https:\/\/ugselpdl.fr\/index.php?rest_route=\/wp\/v2\/pages\/2247\/revisions\/12804"}],"wp:attachment":[{"href":"https:\/\/ugselpdl.fr\/index.php?rest_route=%2Fwp%2Fv2%2Fmedia&parent=2247"}],"curies":[{"name":"wp","href":"https:\/\/api.w.org\/{rel}","templated":true}]}}

<div class="wp-block-columns">
<div class="wp-block-column" style="flex-basis:100%">
<p></p>
</div>
</div>



<div class="wp-block-columns">
<div class="wp-block-column" style="flex-basis:100%">
<h2><strong>Formations</strong> prévention.</h2>
</div>
</div>



<figure class="wp-block-table aligncenter is-style-regular"><table><tbody><tr><td><a rel="noreferrer noopener" href="https://catalogue-ugselformations.dendreo.com/module/jf2A5nkd4vj22rbpnvv24tbvkj1wk9tdkb1t5pj5hj2w356w48dtgt5lkz1xm66xkv2hcAjsgfkx4pj8/pffg5zd4kvAd3stwgfqv275g3jzdgvztjn3t5pj5hjjwmyjAjfxx4zjlh2y2g5lsg36tgrjxgnkw4pj8" target="_blank">Formation : Formateur Prévention et Secours Civiques – PSC</a><br><img loading="lazy" width="269" height="188" class="wp-image-11467" style="width: 150px;" src="http://ugselpdl.fr/wp-content/uploads/2025/12/secourisme.png" alt="" srcset="https://ugselpdl.fr/wp-content/uploads/2025/12/secourisme.png 269w, https://ugselpdl.fr/wp-content/uploads/2025/12/secourisme-150x105.png 150w" sizes="(max-width: 269px) 100vw, 269px" /></td><td><strong>Dates</strong> : fin juin-début juillet 2027<br><strong>Durée</strong> : 60 heures<br><strong>Nouvelles modalités pédagogiques :</strong><br>-Distanciel synchrone : 3 visioconférences de 2h30<br>-Distanciel asynchrone : 0h30<br>-Présentiel : 7 jours<br><strong>Lieu</strong> <strong>présentiel:</strong> St Jean de Monts ou Loroux Bottereau (à confirmer)<br></td><td>Accessibles aux enseignants et personnels Ogec&nbsp;disposant d’un Psc de moins de 3 ans<br><br><strong><br><strong>Inscriptions ouvertes via Dendreo:</strong><br>https://catalogue-ugselformations.dendreo.com/formation/525/formation-initiale-de-formateur-aux-premiers-secours-citoyen-psc</strong></td></tr></tbody></table></figure>



<p></p>

<p>Formations prévention. Formation : Formateur Prévention et Secours Civiques – PSC Dates : fin juin-début juillet 2027Durée : 60 heuresNouvelles modalités pédagogiques :-Distanciel synchrone : 3 visioconférences de 2h30-Distanciel asynchrone : 0h30-Présentiel : 7 joursLieu présentiel: St Jean de Monts ou Loroux Bottereau (à confirmer) Accessibles aux enseignants et personnels&#8230;</p>
<p class="continue-reading-button"> <a class="continue-reading-link" href="https://ugselpdl.fr/?page_id=2247">Continue reading<i class="crycon-right-dir"></i></a></p>
