{"id":2247,"date":"2021-12-10T11:25:15","date_gmt":"2021-12-10T10:25:15","guid":{"rendered":"https:\/\/ugselpdl.fr\/?page_id=2247"},"modified":"2025-12-23T15:30:51","modified_gmt":"2025-12-23T14:30:51","slug":"formations-mises-en-places-en-pays-de-la-loire-ouvertes-aux-enseignants-et-personnels-ogec-du-1er-et-2nd-degre-formations-financees-par-formiris-national","status":"publish","type":"page","link":"https:\/\/ugselpdl.fr\/?page_id=2247","title":{"rendered":"Formations mises en places en Pays de la Loire 2nd degr\u00e9 (mise a jour du 23\/12\/2025)."},"content":{"rendered":"\n<h2><strong><span class=\"has-inline-color has-black-color\">Formations EPS<\/span><\/strong>.<\/h2>\n\n\n\n<figure class=\"wp-block-table\"><table><tbody><tr><td class=\"has-text-align-left\" data-align=\"left\"><a rel=\"noreferrer noopener\" href=\"https:\/\/www.formiris.org\/formation\/PDL-2025-01667\" target=\"_blank\">Enseigner l\u2019escalade en toute s\u00e9curit\u00e9 <br>en coll\u00e8ge et lyc\u00e9e<\/a><br><img loading=\"lazy\" width=\"194\" height=\"200\" class=\"wp-image-11469\" style=\"width: 150px;\" src=\"http:\/\/ugselpdl.fr\/wp-content\/uploads\/2025\/12\/escalade-26.png\" alt=\"\" srcset=\"https:\/\/ugselpdl.fr\/wp-content\/uploads\/2025\/12\/escalade-26.png 194w, https:\/\/ugselpdl.fr\/wp-content\/uploads\/2025\/12\/escalade-26-146x150.png 146w\" sizes=\"(max-width: 194px) 100vw, 194px\" \/><\/td><td class=\"has-text-align-left\" data-align=\"left\">Dates : Du 29\/06\/2026 au 30\/06\/2026&nbsp;de 09:00 \u00e0 17:00<br>Dur\u00e9e : 2 jours \u2013 12 heures<br>Lieu : Lyc\u00e9e Notre Dame de Challans en 85<\/td><td><strong>Inscription aupr\u00e8s de <a href=\"https:\/\/www.formiris.org\/formation\/PDL-2025-01667\" target=\"_blank\" rel=\"noreferrer noopener\">Formiris<\/a><\/strong> (ouvertes jusqu&rsquo;au 22\/06\/26).<br>Code de la formation: <strong>PDL-2025-01667<\/strong><\/td><\/tr><\/tbody><\/table><\/figure>\n\n\n\n<div class=\"wp-block-columns\">\n<div class=\"wp-block-column\" style=\"flex-basis:100%\">\n<p><\/p>\n<\/div>\n<\/div>\n\n\n\n<div class=\"wp-block-columns\">\n<div class=\"wp-block-column\" style=\"flex-basis:100%\">\n<h2><strong>Formations<\/strong> pr\u00e9vention.<\/h2>\n<\/div>\n<\/div>\n\n\n\n<figure class=\"wp-block-table aligncenter is-style-regular\"><table><tbody><tr><td><a rel=\"noreferrer noopener\" href=\"https:\/\/catalogue-ugselformations.dendreo.com\/module\/jf2A5nkd4vj22rbpnvv24tbvkj1wk9tdkb1t5pj5hj2w356w48dtgt5lkz1xm66xkv2hcAjsgfkx4pj8\/pffg5zd4kvAd3stwgfqv275g3jzdgvztjn3t5pj5hjjwmyjAjfxx4zjlh2y2g5lsg36tgrjxgnkw4pj8\" target=\"_blank\">Formation : Formateur Pr\u00e9vention et Secours Civiques \u2013 PSC<\/a><br><img loading=\"lazy\" width=\"269\" height=\"188\" class=\"wp-image-11467\" style=\"width: 150px;\" src=\"http:\/\/ugselpdl.fr\/wp-content\/uploads\/2025\/12\/secourisme.png\" alt=\"\" srcset=\"https:\/\/ugselpdl.fr\/wp-content\/uploads\/2025\/12\/secourisme.png 269w, https:\/\/ugselpdl.fr\/wp-content\/uploads\/2025\/12\/secourisme-150x105.png 150w\" sizes=\"(max-width: 269px) 100vw, 269px\" \/><\/td><td>Dates : du 24 juin au 3 juillet 2026<br>Dur\u00e9e : 8 jours \u2013 60 heures<br>Lieu : St Jean de Monts<br><\/td><td>Accessibles aux enseignants et personnels Ogec&nbsp;disposant d\u2019un Psc de moins de 3 ans<br><br><strong><br><strong>Inscriptions ouvertes via Dendreo:<\/strong><br>https:\/\/catalogue-ugselformations.dendreo.com\/formation\/525\/formation-initiale-de-formateur-aux-premiers-secours-citoyen-psc<\/strong><\/td><\/tr><\/tbody><\/table><\/figure>\n\n\n\n<p><\/p>\n","protected":false},"excerpt":{"rendered":"<p>Formations EPS. Enseigner l\u2019escalade en toute s\u00e9curit\u00e9 en coll\u00e8ge et lyc\u00e9e Dates : Du 29\/06\/2026 au 30\/06\/2026&nbsp;de 09:00 \u00e0 17:00Dur\u00e9e : 2 jours \u2013 12 heuresLieu : Lyc\u00e9e Notre Dame de Challans en 85 Inscription aupr\u00e8s de Formiris (ouvertes jusqu&rsquo;au 22\/06\/26).Code de la formation: PDL-2025-01667 Formations pr\u00e9vention. Formation : Formateur&#8230;<\/p>\n<p class=\"continue-reading-button\"> <a class=\"continue-reading-link\" href=\"https:\/\/ugselpdl.fr\/?page_id=2247\">Continue reading<i class=\"crycon-right-dir\"><\/i><\/a><\/p>\n","protected":false},"author":2,"featured_media":0,"parent":0,"menu_order":0,"comment_status":"closed","ping_status":"closed","template":"","meta":[],"_links":{"self":[{"href":"https:\/\/ugselpdl.fr\/index.php?rest_route=\/wp\/v2\/pages\/2247"}],"collection":[{"href":"https:\/\/ugselpdl.fr\/index.php?rest_route=\/wp\/v2\/pages"}],"about":[{"href":"https:\/\/ugselpdl.fr\/index.php?rest_route=\/wp\/v2\/types\/page"}],"author":[{"embeddable":true,"href":"https:\/\/ugselpdl.fr\/index.php?rest_route=\/wp\/v2\/users\/2"}],"replies":[{"embeddable":true,"href":"https:\/\/ugselpdl.fr\/index.php?rest_route=%2Fwp%2Fv2%2Fcomments&post=2247"}],"version-history":[{"count":94,"href":"https:\/\/ugselpdl.fr\/index.php?rest_route=\/wp\/v2\/pages\/2247\/revisions"}],"predecessor-version":[{"id":11480,"href":"https:\/\/ugselpdl.fr\/index.php?rest_route=\/wp\/v2\/pages\/2247\/revisions\/11480"}],"wp:attachment":[{"href":"https:\/\/ugselpdl.fr\/index.php?rest_route=%2Fwp%2Fv2%2Fmedia&parent=2247"}],"curies":[{"name":"wp","href":"https:\/\/api.w.org\/{rel}","templated":true}]}}