{"id":8097,"date":"2024-07-12T15:59:03","date_gmt":"2024-07-12T13:59:03","guid":{"rendered":"https:\/\/ugselpdl.fr\/?page_id=8097"},"modified":"2025-04-10T14:17:36","modified_gmt":"2025-04-10T12:17:36","slug":"escrime-24-25","status":"publish","type":"page","link":"https:\/\/ugselpdl.fr\/?page_id=8097","title":{"rendered":"Escrime 24\/25"},"content":{"rendered":"<div id=\"pl-8097\"  class=\"panel-layout\" ><div id=\"pg-8097-0\"  class=\"panel-grid panel-no-style\" ><div id=\"pgc-8097-0-0\"  class=\"panel-grid-cell\" ><div id=\"panel-8097-0-0-0\" class=\"so-panel widget widget_media_image panel-first-child panel-last-child\" data-index=\"0\" ><img width=\"300\" height=\"76\" src=\"https:\/\/ugselpdl.fr\/wp-content\/uploads\/2021\/05\/Escrime-300x76.png\" class=\"image wp-image-1023  attachment-medium size-medium\" alt=\"\" loading=\"lazy\" style=\"max-width: 100%; height: auto;\" srcset=\"https:\/\/ugselpdl.fr\/wp-content\/uploads\/2021\/05\/Escrime-300x76.png 300w, https:\/\/ugselpdl.fr\/wp-content\/uploads\/2021\/05\/Escrime-1024x260.png 1024w, https:\/\/ugselpdl.fr\/wp-content\/uploads\/2021\/05\/Escrime-768x195.png 768w, https:\/\/ugselpdl.fr\/wp-content\/uploads\/2021\/05\/Escrime-150x38.png 150w, https:\/\/ugselpdl.fr\/wp-content\/uploads\/2021\/05\/Escrime.png 1180w\" sizes=\"(max-width: 300px) 100vw, 300px\" \/><\/div><\/div><\/div><div id=\"pg-8097-1\"  class=\"panel-grid panel-no-style\" ><div id=\"pgc-8097-1-0\"  class=\"panel-grid-cell\" ><div id=\"panel-8097-1-0-0\" class=\"so-panel widget widget_text panel-first-child panel-last-child\" data-index=\"1\" ><h3 class=\"widget-title\">Championnat r\u00e9gional d&rsquo;Escrime le mercredi 26 mars 2025 \u00e0 Nantes<\/h3>\t\t\t<div class=\"textwidget\"><p><a href=\"http:\/\/ugselpdl.fr\/wp-content\/uploads\/2025\/04\/Escrime-Q-au-National-2025.pdf\" target=\"_blank\" rel=\"noopener\">Liste des qualifi\u00e9s au National d&rsquo;Escrime<\/a><\/p>\n<p><a href=\"http:\/\/ugselpdl.fr\/wp-content\/uploads\/2025\/04\/Escrime-260325-Nantes-resultats.pdf\" target=\"_blank\" rel=\"noopener\">R\u00e9sultats du R\u00e9gional d&rsquo;Escrime du 26 mars<\/a><\/p>\n<p><a href=\"http:\/\/ugselpdl.fr\/wp-content\/uploads\/2024\/10\/Escrime-260325-Nantes.pdf\" target=\"_blank\" rel=\"noopener\">Circulaire d&rsquo;organisation du 26 mars<\/a><\/p>\n<\/div>\n\t\t<\/div><\/div><\/div><div id=\"pg-8097-2\"  class=\"panel-grid panel-no-style\" ><div id=\"pgc-8097-2-0\"  class=\"panel-grid-cell\" ><div id=\"panel-8097-2-0-0\" class=\"so-panel widget widget_text panel-first-child panel-last-child\" data-index=\"2\" ><h3 class=\"widget-title\">DOCUMENTS UTILES :<\/h3>\t\t\t<div class=\"textwidget\"><p><a href=\"https:\/\/www.ugsel.org\/competitions\/sports-individuels\/escrime\" target=\"_blank\" rel=\"noopener\">R\u00e8glements\u00a0 et quotas nationaux d&rsquo;Escrime<\/a><\/p>\n<p>&nbsp;<\/p>\n<\/div>\n\t\t<\/div><\/div><\/div><\/div>","protected":false},"excerpt":{"rendered":"<p>Liste des qualifi\u00e9s au National d&rsquo;Escrime R\u00e9sultats du R\u00e9gional d&rsquo;Escrime du 26 mars Circulaire d&rsquo;organisation du 26 mars<\/p>\n<p class=\"continue-reading-button\"> <a class=\"continue-reading-link\" href=\"https:\/\/ugselpdl.fr\/?page_id=8097\">Continue reading<i class=\"crycon-right-dir\"><\/i><\/a><\/p>\n","protected":false},"author":1,"featured_media":0,"parent":0,"menu_order":0,"comment_status":"closed","ping_status":"closed","template":"","meta":[],"_links":{"self":[{"href":"https:\/\/ugselpdl.fr\/index.php?rest_route=\/wp\/v2\/pages\/8097"}],"collection":[{"href":"https:\/\/ugselpdl.fr\/index.php?rest_route=\/wp\/v2\/pages"}],"about":[{"href":"https:\/\/ugselpdl.fr\/index.php?rest_route=\/wp\/v2\/types\/page"}],"author":[{"embeddable":true,"href":"https:\/\/ugselpdl.fr\/index.php?rest_route=\/wp\/v2\/users\/1"}],"replies":[{"embeddable":true,"href":"https:\/\/ugselpdl.fr\/index.php?rest_route=%2Fwp%2Fv2%2Fcomments&post=8097"}],"version-history":[{"count":18,"href":"https:\/\/ugselpdl.fr\/index.php?rest_route=\/wp\/v2\/pages\/8097\/revisions"}],"predecessor-version":[{"id":10169,"href":"https:\/\/ugselpdl.fr\/index.php?rest_route=\/wp\/v2\/pages\/8097\/revisions\/10169"}],"wp:attachment":[{"href":"https:\/\/ugselpdl.fr\/index.php?rest_route=%2Fwp%2Fv2%2Fmedia&parent=8097"}],"curies":[{"name":"wp","href":"https:\/\/api.w.org\/{rel}","templated":true}]}}