{"id":8109,"date":"2024-07-12T16:08:07","date_gmt":"2024-07-12T14:08:07","guid":{"rendered":"https:\/\/ugselpdl.fr\/?page_id=8109"},"modified":"2025-03-28T11:34:49","modified_gmt":"2025-03-28T10:34:49","slug":"gymnastique-rythmique-24-25","status":"publish","type":"page","link":"https:\/\/ugselpdl.fr\/?page_id=8109","title":{"rendered":"GYMNASTIQUE RYTHMIQUE 24\/25"},"content":{"rendered":"<div id=\"pl-8109\"  class=\"panel-layout\" ><div id=\"pg-8109-0\"  class=\"panel-grid panel-no-style\" ><div id=\"pgc-8109-0-0\"  class=\"panel-grid-cell\" ><div id=\"panel-8109-0-0-0\" class=\"so-panel widget widget_media_image panel-first-child panel-last-child\" data-index=\"0\" ><img width=\"300\" height=\"76\" src=\"https:\/\/ugselpdl.fr\/wp-content\/uploads\/2021\/05\/GR-300x76.png\" class=\"image wp-image-1025  attachment-medium size-medium\" alt=\"\" loading=\"lazy\" style=\"max-width: 100%; height: auto;\" srcset=\"https:\/\/ugselpdl.fr\/wp-content\/uploads\/2021\/05\/GR-300x76.png 300w, https:\/\/ugselpdl.fr\/wp-content\/uploads\/2021\/05\/GR-1024x260.png 1024w, https:\/\/ugselpdl.fr\/wp-content\/uploads\/2021\/05\/GR-768x195.png 768w, https:\/\/ugselpdl.fr\/wp-content\/uploads\/2021\/05\/GR-150x38.png 150w, https:\/\/ugselpdl.fr\/wp-content\/uploads\/2021\/05\/GR.png 1180w\" sizes=\"(max-width: 300px) 100vw, 300px\" \/><\/div><\/div><\/div><div id=\"pg-8109-1\"  class=\"panel-grid panel-no-style\" ><div id=\"pgc-8109-1-0\"  class=\"panel-grid-cell\" ><div id=\"panel-8109-1-0-0\" class=\"so-panel widget widget_text panel-first-child panel-last-child\" data-index=\"1\" ><h3 class=\"widget-title\">Championnat r\u00e9gional de GR le mercredi 26 mars 2025 \u00e0 Rez\u00e9<\/h3>\t\t\t<div class=\"textwidget\"><p><a href=\"http:\/\/ugselpdl.fr\/wp-content\/uploads\/2025\/03\/GR-260325-Reze-resultats.pdf\" target=\"_blank\" rel=\"noopener\">R\u00e9sultats du r\u00e9gional de GR<\/a><\/p>\n<p><a href=\"http:\/\/ugselpdl.fr\/wp-content\/uploads\/2025\/02\/GR-cir-260325-Reze.pdf\" target=\"_blank\" rel=\"noopener\">Circulaire d&rsquo;organisation<\/a><\/p>\n<\/div>\n\t\t<\/div><\/div><\/div><div id=\"pg-8109-2\"  class=\"panel-grid panel-no-style\" ><div id=\"pgc-8109-2-0\"  class=\"panel-grid-cell\" ><div id=\"panel-8109-2-0-0\" class=\"so-panel widget widget_text panel-first-child panel-last-child\" data-index=\"2\" ><h3 class=\"widget-title\">JEUNES OFFICIELS :<\/h3>\t\t\t<div class=\"textwidget\"><p><strong>Stages JO GR \u00e0 Rez\u00e9 le 13 novembre 2024 et \u00e0 La Roche\/Yon le 4 d\u00e9cembre 2024 :<\/strong><\/p>\n<p><a href=\"http:\/\/ugselpdl.fr\/wp-content\/uploads\/2024\/10\/Stage-juges-eleves-GR-2425.pdf\" target=\"_blank\" rel=\"noopener\">Circulaire d&rsquo;organisation<\/a><\/p>\n<p><a href=\"http:\/\/ugselpdl.fr\/wp-content\/uploads\/2024\/10\/Stage-juges-GR-2425-inscriptions.pdf\" target=\"_blank\" rel=\"noopener\">Fiche d&rsquo;inscription<\/a><\/p>\n<\/div>\n\t\t<\/div><\/div><\/div><div id=\"pg-8109-3\"  class=\"panel-grid panel-no-style\" ><div id=\"pgc-8109-3-0\"  class=\"panel-grid-cell\" ><div id=\"panel-8109-3-0-0\" class=\"so-panel widget widget_text panel-first-child panel-last-child\" data-index=\"3\" ><h3 class=\"widget-title\">DOCUMENTS UTILES :<\/h3>\t\t\t<div class=\"textwidget\"><p><a href=\"https:\/\/www.ugsel.org\/competitions\/sports-individuels\/gymnastique-rythmique\" target=\"_blank\" rel=\"noopener\">R\u00e8glements nationaux de GR<\/a><\/p>\n<p>&nbsp;<\/p>\n<\/div>\n\t\t<\/div><\/div><\/div><\/div>","protected":false},"excerpt":{"rendered":"<p>R\u00e9sultats du r\u00e9gional de GR Circulaire d&rsquo;organisation<\/p>\n<p class=\"continue-reading-button\"> <a class=\"continue-reading-link\" href=\"https:\/\/ugselpdl.fr\/?page_id=8109\">Continue reading<i class=\"crycon-right-dir\"><\/i><\/a><\/p>\n","protected":false},"author":1,"featured_media":0,"parent":0,"menu_order":0,"comment_status":"closed","ping_status":"closed","template":"","meta":[],"_links":{"self":[{"href":"https:\/\/ugselpdl.fr\/index.php?rest_route=\/wp\/v2\/pages\/8109"}],"collection":[{"href":"https:\/\/ugselpdl.fr\/index.php?rest_route=\/wp\/v2\/pages"}],"about":[{"href":"https:\/\/ugselpdl.fr\/index.php?rest_route=\/wp\/v2\/types\/page"}],"author":[{"embeddable":true,"href":"https:\/\/ugselpdl.fr\/index.php?rest_route=\/wp\/v2\/users\/1"}],"replies":[{"embeddable":true,"href":"https:\/\/ugselpdl.fr\/index.php?rest_route=%2Fwp%2Fv2%2Fcomments&post=8109"}],"version-history":[{"count":12,"href":"https:\/\/ugselpdl.fr\/index.php?rest_route=\/wp\/v2\/pages\/8109\/revisions"}],"predecessor-version":[{"id":10089,"href":"https:\/\/ugselpdl.fr\/index.php?rest_route=\/wp\/v2\/pages\/8109\/revisions\/10089"}],"wp:attachment":[{"href":"https:\/\/ugselpdl.fr\/index.php?rest_route=%2Fwp%2Fv2%2Fmedia&parent=8109"}],"curies":[{"name":"wp","href":"https:\/\/api.w.org\/{rel}","templated":true}]}}